9 = 0, -5*d - f = -5. Suppose -d + 0 = -l. Let q = 0 + l. Let t(y) = -y**2 + 4*y. Give t(q).
4
Let c(z) = 132*z + 5 + 142*z - 273*z. What is c(-6)?
-1
Let b(q) be the third derivative of -q**7/5040 + q**6/720 + q**5/15 - 4*q**2. Let g(x) be the third derivative of b(x). Give g(2).
-1
Let v be ((1 - 4) + 1)*(19 + -15). Let t(g) = g**2 + 8*g + 4. Calculate t(v).
4
Let p(m) = -m**3 - 3*m**2 + 2*m - 4. Let n be 1/((-5)/2*(-2)/(-20)). Give p(n).
4
Let d(j) = 5*j + 0*j - 4*j + 3. Let p be 1 + 8/(-4) + -4. Determine d(p).
-2
Let u(i) be the third derivative of -i**8/20160 + i**7/5040 - i**6/180 - i**5/15 + 4*i**2. Let r(c) be the third derivative of u(c). Determine r(0).
-4
Let w(l) be the second derivative of -7/2*l**2 + 1/6*l**3 + 0 + 5*l. What is w(6)?
-1
Let b(g) be the first derivative of 3*g**2 - 3*g**2 - 7 + 2*g**2 + 2*g - 4*g**2. Give b(3).
-10
Suppose 3*j = 4*f + 28, j = -4*f + 3*f + 7. Let i(b) = -2*b + 8. Determine i(j).
-8
Let d = 6 + -3. Suppose -2*k + 7 = -f, f = -3*k - 2*f + 6. Let a(w) = 4 + 3*w - 3*w**3 - 2*w + 2*w**k + 3*w**2. Give a(d).
7
Suppose -25 = -5*a + 4*x + 4, -3*x = -2*a + 13. Let n(v) = v**2 - 5*v + 2. Determine n(a).
2
Let t(r) = r + 8. Let c be t(-7). Let k(d) = -40*d**3 + 38*d**3 + 0 - 1. Give k(c).
-3
Let o(b) = -2*b + 1. Let v be -3*(-4 - 6/(-1)). Determine o(v).
13
Let y(s) = 11*s - 1. Suppose -3*i - 2*i = -85. Suppose 5*b = -d, -2*b - b = 4*d + i. What is y(b)?
10
Let w(r) be the third derivative of r**5/60 - r**4/6 - 2*r**3/3 - 3*r**2. Suppose 2*k + 21 = 3*k + 5*s, -4*s = -5*k + 18. What is w(k)?
8
Let h(b) be the third derivative of -b**4/12 + 7*b**3/6 + 13*b**2. Give h(6).
-5
Let l be -5 + 2 + -1 + 5. Suppose -w + 4 - l = 0. Let m(o) = -o**3 + 2*o**2 + 2*o - 2. Determine m(w).
-5
Suppose 1 = 4*k - m - 2, 5*m = -5*k - 15. Let h(y) = -y + 6. What is h(k)?
6
Suppose 2*l - x + 0*x - 11 = 0, 0 = -3*l - 3*x + 3. Suppose 2*r + 3*b = b, -8 = l*r - 4*b. Let o(t) = 2*t**3 - 2*t**2 - t. What is o(r)?
-3
Let s(l) = l**3 + 4*l**2 + l + 5. Let x be 30/(-7) - (26/7 + -4). What is s(x)?
1
Let n be 9/(-2)*(-72)/(-54). Let m(v) = 2*v + 6. What is m(n)?
-6
Let j(k) be the third derivative of -k**6/120 + k**5/12 + k**4/24 + 7*k**2. What is j(5)?
5
Let c(v) = 2*v**3 + 19*v**2 + 15*v + 13. Let z(l) = -l**3 - 9*l**2 - 7*l - 6. Let k(h) = -4*c(h) - 9*z(h). What is k(-4)?
6
Suppose 22*n - 25 = 17*n. Let i(s) be the first derivative of 2 + 2*s - 1/2*s**2. Give i(n).
-3
Let f(d) be the third derivative of d**5/30 + 5*d**4/24 + d**3/3 - 4*d**2. Calculate f(-3).
5
Let d = -6 - -11. Let l(g) = -d + 5*g**2 + g + 0 + 6*g - 2*g**2 - g**3. Suppose 5*y + 3 = 2*t, -3*y = -7 + 4. Give l(t).
7
Let i(k) = k**3 - k**2 + k. Let q(a) = -3*a**3 + 6*a**2 - 6*a + 4. Let x(g) = 2*i(g) + q(g). Let l be (-1)/4 - 63/(-12). Let h = l + -2. What is x(h)?
1
Let n(d) be the second derivative of -d**4/12 - 3*d**2/2 + 15*d. Determine n(0).
-3
Let j(s) = -s**2 - 4*s + 8. Let r be j(-6). Let o(f) = -2*f. Determine o(r).
8
Let r(j) = j**3 + 5*j**2 - 2*j - 3. Let l(q) = q**3 - 2*q**2 - 2*q - 1. Let n be l(2). Give r(n).
7
Suppose 2*h - 11 = 1. Let l(n) = 1 - 2*n + 9*n**2 - 5*n - 2*n**2 - n**3 + 0. Determine l(h).
-5
Let u(a) be the first derivative of -a**4/4 - 2*a**3/3 + a**2 - 3*a + 1. Let n = 45 + -31. Let j be n/(-5) - (-4)/(-20). Calculate u(j).
0
Let g(x) = -x + 2. Let u be g(4). Let q(s) be the second derivative of -s**5/20 - s**4/4 + s**2/2 + 5*s - 4. Calculate q(u).
-3
Let p(m) = m**2 - m - 2. Let i be p(3). Let k = i - -2. Let n(j) = -6*j**2 + 2*j + 9. Let c(z) = -z**2 - z + 1. Let q(t) = 5*c(t) - n(t). Determine q(k).
-10
Let z(l) = 2*l + 9. Let y(m) = m + 7. Let i(d) = -3*y(d) + 2*z(d). Let w be 28/(-6) - 6/(-9). Determine i(w).
-7
Let y(p) = -p. Let g(l) = -10*l - 1. Let a(h) = 4*g(h) - 44*y(h). Give a(-3).
-16
Let k be (-3)/9*(-14 - -5). Let b(r) = -r**3 + 2*r**2 + 2*r + 4. Determine b(k).
1
Let m = 14 - 4. Let q be (14/35)/((-2)/m). Let b(y) = 2*y**2 + 2*y - 1. Give b(q).
3
Suppose -2*p = -2*c - 2*c + 36, 10 = 2*c + p. Let r(g) = 2*g + 10. Calculate r(c).
24
Let j(w) = w**3 - 5*w**2 - 7*w - 2. Let h(c) = c**2 + c + 1. Let x(v) = 4*h(v) + j(v). Give x(2).
0
Let m(k) = -3*k - 1. Let r(l) = l**3 - 13*l**2 + 31*l - 6. Let b be r(10). What is m(b)?
-13
Let i(v) = -v + 11. Let b be (6 - -2 - 1) + 3. Let h be i(b). Let r(m) = -m + 1. What is r(h)?
0
Let a(j) = j**2 + j - 1. Let q(d) = 2. Let p(b) = -a(b) - q(b). Let m be 12/18*54/4. Suppose -4*i = -1 + m. Calculate p(i).
-3
Let u(o) = -o**3 - o**2 - 1. Let n(j) = -3*j**3 - j**2 - 5*j - 9. Let l(h) = -n(h) + 4*u(h). Let f = 33 - 37. What is l(f)?
1
Let a(d) = 5 + 5*d - 3*d + 0*d. Let i = 8 - -2. Let b = 5 - i. Give a(b).
-5
Let l(a) = -11*a - 1. Let g = -7 - -7. Suppose g*c = -c - 1. Calculate l(c).
10
Let o(l) = l**3 + l**2. Let y(r) = 2*r**3 + 2*r**2 + 4. Let v(q) = 3*o(q) - y(q). Let u = 14 + -2. Let p = u - 12. Give v(p).
-4
Suppose -5*y + 23 = -0*y + u, -4*y - 2*u = -16. Suppose c + y = 3. Let l(s) = 7*s - 1. Calculate l(c).
-15
Let w(g) = -5 + 19*g**2 + 2*g + 1 - 18*g**2. Let c = 8 - 11. Determine w(c).
-1
Let u(k) = -k**3 - k**2 - k + 4. Let z(j) = 2*j - 8. Let a be z(4). Determine u(a).
4
Let q(g) = -1 + 4 - 1 - 5*g + 6*g. Let h = 9 + -7. Suppose 4 = -h*v - 0. What is q(v)?
0
Let v be -2 + 6/(3 + 0). Suppose v = -2*h - 0*h + 6. Let p(y) = y**3 - 3*y**2 + 2*y - 3. Calculate p(h).
3
Let d(y) = y**3 + 2*y**2 - 6*y - 1. Let a be d(-4). Let f = a - -4. Let p(i) be the second derivative of -i**3/3 - 3*i**2/2 - 5*i. Calculate p(f).
7
Let b(v) be the third derivative of -1/6*v**3 - v**2 + 0 - 11/24*v**4 + 0*v. Give b(-1).
10
Let s(f) = -f + 4. Suppose 2*m + m - 15 = 0. Let v be s(m). Let d(q) = 41*q - 13. Let x(z) = -10*z + 3. Let u(w) = 2*d(w) + 9*x(w). Give u(v).
9
Let x be -1*(-2)/4*2. Let z = x + 1. Let j(k) = 4*k**2 - 4*k + z*k - 2*k**3 + 2 - k. Give j(2).
-4
Suppose -s + 22 = 5*h - 6, 3*h + 5*s - 30 = 0. Let z(q) = -q**2 + 3*q - 4. Determine z(h).
-14
Let g(v) = -2*v**2 - 2*v + 2. Let m = -13 + 21. Let w = -5 + m. Let x be 4*w/6*-1. What is g(x)?
-2
Let v(w) = -w**3 - 12*w**2 - 10*w + 9. Let s be v(-11). Let m(p) = -p - 1. Give m(s).
1
Let m(h) be the first derivative of h**5/60 - h**4/8 + h**3/6 + h**2 + 1. Let r(n) be the second derivative of m(n). Let w be (-3)/((-12)/4)*1. Give r(w).
-1
Let h be (-5)/2*16/(-20). Let x = h - 2. Let j(s) = -2*s**2 + s**3 - 6*s + x*s - 2*s**2. Determine j(5).
-5
Let g(z) = -z**2 - z - 8. Suppose 4*s + 8 = -4*y, 0*s + 4*y + 8 = -2*s. Determine g(s).
-8
Let p(g) = 2*g**2 - 6*g + 7. Let k be p(2). Let o(r) = 5*r - 4. Give o(k).
11
Let y(f) = 20*f - 7. Let w(s) = 19*s - 6. Let v(d) = 6*w(d) - 5*y(d). Let b = 5 - 4. Calculate v(b).
13
Let k(t) = 14*t**2 - 29*t - 15. Let y(c) = 5*c**2 - 10*c - 5. Let q(j) = 6*k(j) - 17*y(j). Suppose 0*d = -d + 2. Suppose 5*f + 12 = d*f. What is q(f)?
-5
Let o(j) = j - 2. Let q(z) = -z**3 - 2*z**2 - 3*z - 3. Let h be q(-2). Determine o(h).
1
Let k(g) = -g - 1. Let y be 6/(-4)*(-14)/21. Let f be k(y). Let d(q) = 2*q**3 + q**2 - 2*q. Determine d(f).
-8
Let x be -1 + (-2)/(-3)*9. Suppose -4*v + 29 = x*o, 5*v + 3*o = -12 + 32. Let c(t) = 2*t + v - t**2 + 0*t - 6*t. Calculate c(-4).
1
Let i(l) = -2 + l + 7 + 3. Suppose 4*g = -3*c - 0*g + 22, 0 = c + 5*g - 11. Give i(c).
14
Let p(u) = u**2 + 1. Let y(d) = -5*d**2 + 7*d - 11. Let l(a) = -4*p(a) - y(a). What is l(5)?
-3
Let h(d) = -d**2 + d - 1. Let s be h(0). Let t(p) = 7*p**3 - p**2. What is t(s)?
-8
Let l(r) be the third derivative of r**5/60 - r**4/24 - 4*r**3/3 + 6*r**2. Determine l(0).
-8
Let d = 8 + -8. Let l(p) = -2 + p + 4*p**2 - 2 - 5*p**2. Determine l(d).
-4
Let g(a) = -5*a**3 - 31*a**2 + 35*a + 21. Let z(s) = -s**3 - 6*s**2 + 7*s + 4. Let h(v) = -2*g(v) + 11*z(v). Give h(-5).
-8
Let h(f) = f - 3*f - f. Calculate h(1).
-3
Let d = -16 - -10. Let k(v) = -v**3 - 6*v**2 + v. What is k(d)?
-6
Suppose 0*d + 5*d = z + 15, 5*z = -3*d + 37. Let j(c) = 2*c**2 - 5*c + 1. What is j(d)?
13
Let f(p) = p**3 + 5 + 1 - 18 - 5*p**2 + p + 8. Determine f(4).
-16
Let f be (2 - 0)*(-3)/(-2). Let a be (-3 - (-1 - 1))*f. Let t(j) = 0*j + 2 + 3*j**2 - 4*j**2 - 2*j. What is t(a)?
-1
Let z(t) = 2*t - 10. Let u(b) = -b + 7. Let f(a) = -8*u(a) - 5*z(a). Calculate f(-6).
6
Let m(u) = u**3 + 0*u**3 + 0*u**2 - 4 - 2*u**